t of 22116?
6
What is the hundreds digit of 36849?
8
What is the units digit of 43114?
4
What is the units digit of 5113?
3
What is the units digit of 5497?
7
What is the tens digit of 3816?
1
What is the hundreds digit of 3215?
2
What is the tens digit of 956?
5
What is the hundreds digit of 4303?
3
What is the ten thousands digit of 69150?
6
What is the tens digit of 39829?
2
What is the thousands digit of 17226?
7
What is the thousands digit of 4327?
4
What is the hundreds digit of 40239?
2
What is the tens digit of 570?
7
What is the units digit of 79663?
3
What is the tens digit of 1281?
8
What is the thousands digit of 3667?
3
What is the tens digit of 3108?
0
What is the hundreds digit of 151?
1
What is the ten thousands digit of 43723?
4
What is the tens digit of 1434?
3
What is the thousands digit of 15287?
5
What is the thousands digit of 5661?
5
What is the hundreds digit of 19100?
1
What is the thousands digit of 47625?
7
What is the thousands digit of 3011?
3
What is the thousands digit of 8407?
8
What is the thousands digit of 8793?
8
What is the thousands digit of 17674?
7
What is the units digit of 551?
1
What is the thousands digit of 1332?
1
What is the units digit of 2354?
4
What is the tens digit of 5978?
7
What is the hundreds digit of 1611?
6
What is the ten thousands digit of 12300?
1
What is the tens digit of 10428?
2
What is the tens digit of 668?
6
What is the hundreds digit of 62869?
8
What is the thousands digit of 23662?
3
What is the thousands digit of 1619?
1
What is the thousands digit of 1705?
1
What is the hundreds digit of 123?
1
What is the hundreds digit of 1201?
2
What is the thousands digit of 10307?
0
What is the hundreds digit of 959?
9
What is the ten thousands digit of 12003?
1
What is the hundreds digit of 1479?
4
What is the tens digit of 1860?
6
What is the hundreds digit of 1120?
1
What is the units digit of 2545?
5
What is the thousands digit of 3513?
3
What is the tens digit of 743?
4
What is the tens digit of 25388?
8
What is the units digit of 4518?
8
What is the thousands digit of 6191?
6
What is the thousands digit of 22364?
2
What is the thousands digit of 1305?
1
What is the units digit of 440?
0
What is the thousands digit of 3550?
3
What is the ten thousands digit of 41373?
4
What is the hundreds digit of 1188?
1
What is the thousands digit of 5587?
5
What is the tens digit of 13910?
1
What is the hundreds digit of 407?
4
What is the ten thousands digit of 39006?
3
What is the tens digit of 52078?
7
What is the hundreds digit of 5015?
0
What is the thousands digit of 26922?
6
What is the hundreds digit of 51442?
4
What is the tens digit of 386?
8
What is the ten thousands digit of 16236?
1
What is the units digit of 1054?
4
What is the hundreds digit of 2675?
6
What is the tens digit of 2379?
7
What is the hundreds digit of 1940?
9
What is the hundreds digit of 298?
2
What is the tens digit of 2630?
3
What is the thousands digit of 74238?
4
What is the tens digit of 410?
1
What is the hundreds digit of 43396?
3
What is the tens digit of 382?
8
What is the tens digit of 742?
4
What is the units digit of 34422?
2
What is the tens digit of 988?
8
What is the tens digit of 775?
7
What is the units digit of 870?
0
What is the tens digit of 892?
9
What is the units digit of 31458?
8
What is the tens digit of 9012?
1
What is the units digit of 1145?
5
What is the hundreds digit of 2428?
4
What is the thousands digit of 21181?
1
What is the units digit of 18633?
3
What is the tens digit of 40126?
2
What is the tens digit of 8115?
1
What is the tens digit of 968?
6
What is the hundreds digit of 2224?
2
What is the hundreds digit of 277?
2
What is the hundreds digit of 1080?
0
What is the hundreds digit of 956?
9
What is the hundreds digit of 4737?
7
What is the thousands digit of 4510?
4
What is the thousands digit of 7944?
7
What is the hundreds digit of 492?
4
What is the units digit of 1356?
6
What is the thousands digit of 73691?
3
What is the thousands digit of 13301?
3
What is the thousands digit of 21347?
1
What is the tens digit of 23?
2
What is the units digit of 35463?
3
What is the units digit of 450?
0
What is the hundreds digit of 72231?
2
What is the hundreds digit of 1090?
0
What is the tens digit of 263?
6
What is the tens digit of 19166?
6
What is the ten thousands digit of 15900?
1
What is the hundreds digit of 2000?
0
What is the thousands digit of 4040?
4
What is the hundreds digit of 2776?
7
What is the hundreds digit of 15976?
9
What is the units digit of 24836?
6
What is the hundreds digit of 11951?
9
What is the units digit of 55554?
4
What is the tens digit of 132179?
7
What is the units digit of 90737?
7
What is the hundred thousands digit of 114289?
1
What is the hundreds digit of 1454?
4
What is the thousands digit of 3876?
3
What is the thousands digit of 33767?
3
What is the tens digit of 46998?
9
What is the tens digit of 4812?
1
What is the tens digit of 367?
6
What is the thousands digit of 9883?
9
What is the ten thousands digit of 31217?
3
What is the units digit of 6359?
9
What is the units digit of 583?
3
What is the thousands digit of 27353?
7
What is the thousands digit of 18858?
8
What is the hundreds digit of 3308?
3
What is the thousands digit of 26463?
6
What is the units digit of 926?
6
What is the tens digit of 924?
2
What is the units digit of 12?
2
What is the hundreds digit of 48736?
7
What is the tens digit of 182371?
7
What is the tens digit of 4137?
3
What is the thousands digit of 1811?
1
What is the ten thousands digit of 47475?
4
What is the tens digit of 49987?
8
What is the units digit of 772?
2
What is the hundreds digit of 4944?
9
What is the ten thousands digit of 31272?
3
What is the units digit of 9081?
1
What is the tens digit of 847?
4
What is the units digit of 788?
8
What is the tens digit of 10?
1
What is the units digit of 33539?
9
What is the units digit of 1865?
5
What is the units digit of 670?
0
What is the units digit of 1401?
1
What is the units digit of 5228?
8
What is the hundreds digit of 2386?
3
What is the thousands digit of 1567?
1
What is the tens digit of 4858?
5
What is the hundreds digit of 80335?
3
What is the tens digit of 1630?
3
What is the units digit of 35417?
7
What is the hundreds digit of 54044?
0
What is the thousands digit of 6206?
6
What is the units digit of 8355?
5
What is the hundred thousands digit of 193011?
1
What is the ten thousands digit of 11633?
1
What is the ten thousands digit of 31663?
3
What is the tens digit of 916?
1
What is the tens digit of 4852?
5
What is the units digit of 1569?
9
What is the hundreds digit of 879?
8
What is the hundreds digit of 9993?
9
What is the tens digit of 739?
3
What is the hundreds digit of 26973?
9
What is the units digit of 594?
4
What is the tens digit of 5967?
6
What is the ten thousands digit of 26228?
2
What is the tens digit of 139899?
9
What is the hundreds digit of 242?
2
What is the units digit of 169?
9
What is the units digit of 46850?
0
What is the hundreds digit of 952?
9
What is the hundreds digit of 25709?
7
What is the thousands digit of 8912?
8
What is the tens digit of 2560?
6
What is the units digit of 144?
4
What is the hundreds digit of 7084?
0
What is the thousands digit of 1131?
1
What is the hundreds digit of 10570?
5
What is the units digit of 266?
6
What is the units digit of 95598?
8
What is the thousands digit of 10636?
0
What is the units digit of 4257?
7
What is the thousands digit of 122790?
2
What is the units digit of 3535?
5
What is the tens digit of 21?
2
What is the hundreds digit of 5710?
7
What is the tens digit of 839?
3
What is the tens digit of 1270?
7
What is the units digit of 987?
7
What is the tens digit of 124?
2
What is the units digit of 8540?
0
What is the tens digit of 12361?
6
What is the tens digit of 68765?
6
What is the hundreds digit of 1848?
8
What is the thousands digit of 9581?
9
What is the thousands digit of 1902?
1
What is the thousands digit of 4079?
4
What is the units digit of 15387?
7
What is the units digit of 4931?
1
What is the thousands digit of 2668?
2
What is the hundreds digit of 13442?
4
What is the units digit of 6848?
8
What is the tens digit of 1261?
6
What is the units digit 